
In base 15, what is 8b + -5?
86
In base 10, what is 0 - 468?
-468
In base 6, what is -14343 - -1?
-14342
In base 9, what is -7150 + 2?
-7147
In base 9, what is 60 + 12?
72
In base 5, what is -313 - 103?
-421
In base 10, what is -62 - -40?
-22
In base 5, what is 10 - 14101?
-14041
In base 9, what is 23 - -43?
66
In base 10, what is -67 + -4?
-71
In base 7, what is 4 + 41?
45
In base 5, what is -30 - 12?
-42
In base 9, what is -4 - 28?
-33
In base 14, what is 1 + -115?
-114
In base 15, what is 2 - -1ca?
1cc
In base 2, what is -1010 - 11001100?
-11010110
In base 3, what is -1112121 - -12?
-1112102
In base 12, what is 7 - 1725?
-171a
In base 14, what is -49 + -63?
-ac
In base 12, what is 3 + -2b?
-28
In base 13, what is -28 - -31?
6
In base 16, what is -3e + -5?
-43
In base 15, what is 277 + -1?
276
In base 5, what is -2110 + -11?
-2121
In base 7, what is -101 - 2?
-103
In base 15, what is 15b + -7?
154
In base 14, what is -c + 41?
33
In base 5, what is 22 - -1023?
1100
In base 5, what is -1 + 10?
4
In base 13, what is -13 - 13?
-26
In base 4, what is -13 - -12322?
12303
In base 11, what is 15 - 47?
-32
In base 11, what is 92 - 1?
91
In base 14, what is 985 + -3?
982
In base 3, what is -1202 + 121?
-1011
In base 4, what is -30030 - 11?
-30101
In base 2, what is -100 - -1100101?
1100001
In base 4, what is -330302 + -11?
-330313
In base 16, what is 0 - 94?
-94
In base 2, what is 100 + 1010011000110?
1010011001010
In base 11, what is 1605 + -3?
1602
In base 3, what is 12 - -100?
112
In base 6, what is 2 + 312?
314
In base 13, what is 4 - -30?
34
In base 5, what is 14 + 104?
123
In base 10, what is -8 + 30?
22
In base 16, what is 1ad + -2?
1ab
In base 2, what is 0 + 10100101?
10100101
In base 13, what is 49 - -10?
59
In base 15, what is 91 + 1d?
ae
In base 8, what is 446 - -4?
452
In base 8, what is -13521 + -2?
-13523
In base 11, what is -a1 - -88?
-14
In base 5, what is 0 - -20010?
20010
In base 8, what is 664 - -5?
671
In base 15, what is 3 - 35?
-32
In base 13, what is -ab3 - -4?
-aac
In base 5, what is -3 - 4303?
-4311
In base 15, what is 6d - -11?
7e
In base 15, what is c + -3?
9
In base 7, what is -30 - -101?
41
In base 12, what is b - 11?
-2
In base 7, what is -103 - 1?
-104
In base 8, what is 3 + -137?
-134
In base 6, what is -154 - -45?
-105
In base 6, what is 5 + -504?
-455
In base 4, what is 1321 - 11?
1310
In base 13, what is -3 + 42?
3c
In base 5, what is 10 - 30?
-20
In base 4, what is -10 + 202121?
202111
In base 5, what is 42 + 0?
42
In base 14, what is 4 + -88?
-84
In base 15, what is a2a1 - -4?
a2a5
In base 13, what is 5 - ba0?
-b98
In base 11, what is 5 + -93?
-89
In base 8, what is -143 + 2?
-141
In base 8, what is -3 - -20?
15
In base 14, what is 2d7d + 3?
2d82
In base 7, what is 11 + 211?
222
In base 9, what is -657 - -3?
-654
In base 3, what is -100 - 121?
-221
In base 12, what is -293 - -7?
-288
In base 9, what is -13 - 13?
-26
In base 13, what is -2a2 - 2?
-2a4
In base 12, what is -4 + 60?
58
In base 10, what is 744 - -18?
762
In base 5, what is -34344 - -22?
-34322
In base 6, what is 41 - -1201?
1242
In base 11, what is 59 - -15?
73
In base 16, what is ebf - 0?
ebf
In base 11, what is -a5 - 2?
-a7
In base 13, what is -7 - -17?
10
In base 4, what is 11 - -2310?
2321
In base 15, what is -191 + 1?
-190
In base 3, what is -102 - 110?
-212
In base 6, what is 1 - 3340?
-3335
In base 16, what is -5 - -3c?
37
In base 11, what is -6219 - -1?
-6218
In base 11, what is 154 - -4?
158
In base 7, what is -4 - -1025?
1021
In base 16, what is 9 + 10?
19
In base 2, what is -1101000001110 + -101?
-1101000010011
In base 13, what is -2 + 2?
0
In base 3, what is 12 + 12122?
12211
In base 5, what is 3 + 101?
104
In base 7, what is -1 - -5012?
5011
In base 7, what is 2 - -115?
120
In base 3, what is 1022 + 10011?
11110
In base 13, what is -ba4 + -1?
-ba5
In base 5, what is 1 + -13432?
-13431
In base 11, what is 2 + 2034?
2036
In base 15, what is -54 + -5?
-59
In base 12, what is 7b15 + 1?
7b16
In base 11, what is -783 + -4?
-787
In base 15, what is -db3 + -2?
-db5
In base 6, what is 151 + 35?
230
In base 15, what is 1 + -14d?
-14c
In base 13, what is 2 - 287?
-285
In base 14, what is -2b - 1a?
-47
In base 5, what is -4 - 102?
-111
In base 2, what is -1111 - 100000100?
-100010011
In base 16, what is 66 - -44?
aa
In base 14, what is -6 + -6?
-c
In base 14, what is 8 + 6b?
75
In base 8, what is 13 - 3326?
-3313
In base 2, what is 1 - 100001111101?
-100001111100
In base 5, what is 1 + -303?
-302
In base 10, what is 3 + 3258?
3261
In base 11, what is 33 - 8?
26
In base 13, what is 9 - -311?
31a
In base 16, what is -70 + -4?
-74
In base 4, what is 2 + -12020?
-12012
In base 15, what is 961b + 1?
961c
In base 8, what is 4 - 720?
-714
In base 13, what is -a7 - -6?
-a1
In base 16, what is -1c9 - -4?
-1c5
In base 7, what is 31145 - 4?
31141
In base 6, what is 24 + 1343?
1411
In base 16, what is a + 7?
11
In base 16, what is 0 - -5a?
5a
In base 7, what is -5 + 124?
116
In base 15, what is 2c7 - -5?
2cc
In base 14, what is 215 - -23?
238
In base 11, what is 1 - -17?
18
In base 4, what is 1102 + -13?
1023
In base 3, what is -2011121 - -2?
-2011112
In base 6, what is -21 + 25?
4
In base 4, what is -13 + -32?
-111
In base 5, what is 1 + 1?
2
In base 9, what is -5830 + 4?
-5825
In base 13, what is 683 + -5?
67b
In base 6, what is -5 - 321?
-330
In base 6, what is 114 - -15?
133
In base 13, what is 4 + 192?
196
In base 8, what is 506 + -25?
461
In base 10, what is 5 - 261?
-256
In base 15, what is -229 - -3?
-226
In base 6, what is -4043 + -1?
-4044
In base 3, what is 12 + 2220112?
2220201
In base 5, what is 4 - -124012?
124021
In base 13, what is 48 + 0?
48
In base 11, what is -16 + -27?
-42
In base 2, what is -110011001011 + 11?
-110011001000
In base 7, what is -540 + -4?
-544
In base 5, what is -2 + 30123?
30121
In base 10, what is -26 + 1051?
1025
In base 11, what is -61 + -31?
-92
In base 9, what is -14 + 57?
43
In base 16, what is 3b - -4?
3f
In base 11, what is -4 - aa3?
-aa7
In base 16, what is 1 - 13?
-12
In base 8, what is 172 + 3?
175
In base 2, what is -10011 - -11011111011?
11011101000
In base 2, what is 1100 - -1101?
11001
In base 5, what is -3 + 2?
-1
In base 4, what is -101 + -1100?
-1201
In base 10, what is -744 + -4?
-748
In base 14, what is 2d4 + 1?
2d5
In base 16, what is -1eff + -3?
-1f02
In base 2, what is 10110 + -1001?
1101
In base 16, what is -19 + 49?
30
In base 12, what is 9 - -31?
3a
In base 13, what is -5a - -13?
-47
In base 3, what is 0 - 1022111?
-1022111
In base 2, what is 10 + -11100001?
-11011111
In base 8, what is 2265 + 0?
2265
In base 10, what is -3 - -161?
158
In base 6, what is 45005 + 4?
45013
In base 12, what is -10 - 8?
-18
In base 15, what is 0 - -5?
5
In base 15, what is -3 + -569?
-56c
In base 9, what is 246 + 5?
252
In base 4, what is 1 + -321?
-320
In base 2, what is 111110 + -101?
111001
In base 3, what is 112 + -102?
10
In base 6, what is -443 + 2?
-441
In base 15, what is -d - 1b?
-29
In base 15, what is 0 + 5e1?
5e1
In base 2, what is -10 + 1010?
1000
In base 9, what is 1 - -8?
10
In base 7, what is 2 - -20?
22
In base 13, what is -4 - 30?
-34
In base 11, what is -2005 + -5?
-200a
In base 5, what is -4 + 1324?
1320
In base 8, what is -44 - -145?
101
In base 14, what is 2 - -222?
224
In base 5, what is -11242 + 0?
-11242
In base 14, what is 76 - -4?
7a
In base 6, what is -444 - 3?
-451
In base 14, what is 11a8 - -2?
11aa
In base 4, what is 11 - 31?
-20
In base 7, what is 10112 + -2?
10110
In base 16, what is 3 + -43?
-40
In base 16, what is 3d - d?
30
In base 12, what is 6 + -25?
-1b
In base 2, what is -11101 + 111101?
100000
In base 16, what is 69c + 0?
69c
In base 11, what is -102 - 4?
-106
In base 16, what is 5 - 379?
-374
In base 6, what is 3 - -5444?
5451
In base 13, what is -a - -b3?
a6
In base 7, what is 0 + 21063?
21063
In base 8, what is 10 - 47?
-37
In base 4, what is 3213 - 11?
3202
In base 8, what is -311 + -13?
-324
In base 7, what is 2 - -10046?
10051
In base 5, what is 4 + 10140?
10144
In base 15, what is -201 + -2?
-203
In base 9, what is -4 - 28?
-33
In base 12, what is 1a76 - -5?
1a7b
In base 5, what is -13441 - 0?
-13441
In base 7, what is -5 - -2231?
2223
In base 14, what is -3a6 + 5?
-3a1